on factor of 264 and d?
8
Suppose 0 = -3*o - 11 - 7. Let p be 585*(1 + 4/o). What is the highest common divisor of 30 and p?
15
Let s be (-3 - (-80)/12)*6. Suppose -2*w = -24 + s. Let r be 6/(-12) + (-11)/(-2). What is the greatest common factor of r and w?
1
Suppose x + 4*p - 7 = 117, 2*p - 412 = -3*x. Calculate the greatest common divisor of 665 and x.
35
Let d = 3503 - 3207. Calculate the highest common factor of d and 222.
74
Let f(t) = -43*t - 5341. Let d be f(-127). What is the highest common divisor of 420 and d?
60
Let g be (2/(-3) + 248/12)*2880/240. What is the greatest common factor of g and 4710?
30
Let p(c) = 404*c**2 - 72*c - 224. Let b be p(-4). Calculate the greatest common factor of b and 12.
12
Let r = 0 + 3. Let c = -924 + 927. Suppose -5*d = c*j - 108, -128 = -4*d - 2*j - 40. Calculate the greatest common divisor of r and d.
3
Let r be (-652)/(-18) + 38/(-171). Suppose -t + 106 = -4*x, -10*t = -14*t + 3*x + 489. What is the highest common divisor of t and r?
18
Suppose 0 = -15*h + 263 + 112. What is the highest common factor of 1325 and h?
25
Suppose 0*f + 777 = 37*f. Calculate the greatest common factor of f and 165.
3
Let r = -6545 + 6625. What is the greatest common factor of 6760 and r?
40
Suppose -162 = -33*z + 1571 - 182. What is the highest common factor of 47 and z?
47
Suppose -5*c + 79 = w, -4*w + 2*c = -c - 339. Suppose 24 = 4*h, 0 = 3*p - 10*h + 5*h - 258. Calculate the highest common divisor of p and w.
12
Let k = 446 + -518. Let r be (90/(-54))/(-2*(-2)/k). What is the highest common divisor of 40 and r?
10
Suppose -3*g = 5*k + 340, -g = 66*k - 65*k + 110. Let z = 156 - 45. Let h = g + z. Calculate the greatest common factor of h and 6.
6
Suppose 5*w - 10*x - 136 = -13*x, -4*w = -2*x - 122. Let j = w + 7. Calculate the greatest common factor of 9 and j.
9
Let p be 30/3 + (-66)/132*(14 - (-1 - -5)). Let a = -55 - -100. Calculate the highest common factor of p and a.
5
Let m(p) = -2*p**3 + 8*p**2 - p - 2. Let w be m(3). Let z be (-3)/(-15)*-5 - -10. What is the highest common divisor of w and z?
1
Suppose 83*z + 120*z + 38*z = 41452. What is the highest common factor of 16 and z?
4
Suppose 0 = -12*c + 5*c + 5327. Let h = c + -353. Calculate the highest common divisor of 24 and h.
24
Suppose -2*f = -4*q + 58, 0 = -2*q - 4*f + 7*f + 39. Suppose 0 = -q*i - 4*i + 4416. What is the highest common factor of 12 and i?
12
Suppose 21 = -2*t - 5*s + 7, -3*s - 24 = -4*t. Let w = 178 + -172. Calculate the highest common factor of t and w.
3
Let p = 242 - 268. Let h(u) = -u**2 - 28*u - 41. Let m be h(p). Calculate the greatest common divisor of m and 55.
11
Let r(f) = 0*f**3 + 3*f + 0*f**2 - 2*f**2 + f**3 - 3. Let u be 1/((-2)/6) - (-10 - (-4 - -3)). Let s be r(u). What is the greatest common divisor of 106 and s?
53
Let c(j) = -j + 24. Let o = -45 + 45. Suppose -3*u + 107 = -5*x, 4*x = -o*x + 2*u - 86. Let f be c(x). Calculate the greatest common divisor of 115 and f.
23
Suppose -9*c + 5*c = 492. Let b = c - -222. What is the greatest common factor of 18 and b?
9
Let q be (-272)/(-11424) + (-1721)/(-42). Let o(p) = 532*p**2 + 1. Let d be o(1). What is the greatest common divisor of d and q?
41
Let d = -223 + 402. Let l = d - 99. Calculate the highest common factor of 30 and l.
10
Let p(z) = 29*z - 113. Let r be p(4). Suppose 394 = r*g - 2*y, 3*y = -4*g - 0*y + 531. Calculate the highest common factor of 24 and g.
12
Let z(b) = -7*b**3 - 15953*b**2 - 7*b**3 + 15954*b**2. Let g be z(-1). Calculate the highest common divisor of g and 555.
15
Suppose -i - 2*k = -32502, 2*k + 2 - 14 = 0. Calculate the greatest common factor of 180 and i.
90
Suppose -3*q = -2*x - 26, 14*x + 33 = 4*q + 11*x. What is the highest common factor of 21852 and q?
12
Suppose 5208 = -27*b + 34*b. Let v = -246 + b. Calculate the highest common divisor of 6 and v.
6
Let a(b) = 4*b + 564. Let c be a(-98). What is the greatest common factor of c and 559?
43
Let f(s) = 3*s**2 - s**2 + 68 - 3 - 3*s**2. Let l be f(0). Suppose -5*z = -5*h + 75, -4*h + l = -0*z - 5*z. What is the greatest common factor of 6 and h?
2
Let t be 7/35 - (1/(-8) - (-1189764)/(-480)). Calculate the greatest common factor of 67 and t.
67
Suppose -15 = -23*t - 84. Let u be -8 + 4 + (118 - (3 + t)). What is the greatest common factor of u and 6?
6
Let u(z) = 6*z**2 + 25*z + 3285. Let h be u(-53). What is the highest common factor of h and 46?
46
Suppose 0 = 10*y - 9615 - 8265. Calculate the greatest common factor of y and 24.
12
Let y be (-2)/((18 + 2698/(-150))*(-6)/19). What is the greatest common divisor of 100 and y?
25
Suppose 0 = -5*c - 3*p + 261, -c + 167*p + 60 = 165*p. Let y be ((-162)/4)/(1/(-2)). What is the highest common factor of y and c?
27
Let q be (((-48)/5)/8)/(4/(-10)). Let i be 150 + (10 + -1 - q - 3). Let l be (-5)/2*(2448/(-40))/9. What is the highest common divisor of i and l?
17
Let r be (-1)/(5/(-4 - 6)). Let h = 14 - r. Suppose 4*g - 404 = h. What is the highest common factor of 13 and g?
13
Let o(q) = q**2 - 12*q + 27. Let v be o(12). Suppose z = 0, j - v = 4*z + 21. Suppose 0 = -58*t + 55*t + j. Calculate the highest common divisor of t and 32.
16
Let j(g) = 225*g + 684. Let i be j(-3). Calculate the highest common factor of i and 8208.
9
Let n(w) = 7*w**3 - 21*w**2 - 27*w + 91. Let m be n(7). What is the greatest common factor of 1862 and m?
98
Suppose 2*a = -4*x + 300, -2*a + 6*x = -367 + 77. What is the highest common factor of 3922 and a?
74
Let v(h) = 4*h - 35. Let j be v(15). Suppose -j*m + 26*m = 12. Calculate the greatest common divisor of 96 and m.
12
Let d = -15218 - -15312. What is the greatest common factor of d and 47?
47
Suppose -79*g - i + 94 = -75*g, -2*g = i - 48. What is the greatest common divisor of 42504 and g?
23
Let r(d) = d**3 + 5*d**2 - 2*d. Let l be r(5). Let g(a) = 2811*a - 2715. Let q be g(1). Calculate the highest common divisor of l and q.
48
Suppose 2786 = -20*y + 3986. Calculate the greatest common factor of y and 1180.
20
Let o be 122153/69 - ((-8)/(-6) - 0). Suppose -14*x + o + 1549 = 0. Suppose 0 = -8*p - 69 + x. Calculate the greatest common divisor of 14 and p.
7
Suppose -11*y - 8 = -85. Let v(k) = -k + 5. Let f be v(4). Suppose -f = -4*o + y. Calculate the highest common divisor of 1 and o.
1
Suppose 4*u = -0*u + 44. Let j be (-2842354)/(-3856) + 1/(-8) + 0. Calculate the greatest common divisor of j and u.
11
Let y be 30/10 + -14 - -5747. Calculate the highest common factor of y and 24.
24
Let f = 6926 - 6919. Calculate the greatest common divisor of 2611 and f.
7
Suppose 2*p - 8*p + 786 = 0. Let c be (-7)/35 - p/(-5). Calculate the highest common divisor of 247 and c.
13
Let q(f) = -f**3 + 15*f**2 + 10*f + 31. Let g be q(-12). Calculate the highest common factor of 29 and g.
29
Let z be (-12*1)/(-3 - 258/(-88)). What is the greatest common factor of z and 572?
44
Suppose -5*d - 45 = -c, 3*c = 2*d + 1 + 17. Let t(n) = -2*n**2 - 16*n + 24. Let u be t(d). What is the highest common factor of u and 39?
3
Let p(o) = -3*o**2 - 42*o + 42. Let r be p(-13). What is the highest common factor of r and 117?
9
Let k(h) = -h**3 + 4*h**2 - 8*h + 3. Let m be k(3). Let y = 5 - m. Suppose 14*b + 117 = y*b. What is the greatest common divisor of b and 26?
13
Suppose 214 = n + 13. Let d be 2/(12/n)*2. Suppose -7*j + d = -220. What is the highest common divisor of j and 82?
41
Let o be (3 - 45) + -2 + 46. Suppose 4*l + 2 = 6. What is the highest common factor of l and o?
1
Suppose -3*y = x - 8, -3*x + 5*y = 2 + 2. Suppose 0*t = -x*t + 28. What is the highest common divisor of t and 70?
14
Suppose -2*n + 17 = 4*t + n, -5*n + 13 = -t. Let y = 4 - -1. Suppose 5*v = v + 5*i + 27, 0 = y*v + t*i - 9. Calculate the highest common divisor of 12 and v.
3
Suppose 24 = 20*p - 16*p. Suppose -2*i = -4*j - 1354, 3*i + 9*j - p*j = 2022. What is the highest common divisor of 25 and i?
25
Let w = -2478 - -3381. Calculate the greatest common divisor of w and 42.
21
Let f be (145 - -5) + -17 + (4 - -1). What is the greatest common factor of 9131 and f?
23
Suppose o - 2*r + 1 = 0, -5*r + 44 = 4*o - r. Let b be o/3 + 2/3 - -1. Suppose 9*k - b = 7*k. Calculate the greatest common divisor of 22 and k.
2
Let s be -9 + 446 + (-8 - -5). What is the highest common di